{"id":43,"date":"2025-09-01T18:14:19","date_gmt":"2025-09-01T16:14:19","guid":{"rendered":"https:\/\/nobleanchor.fr\/?page_id=43"},"modified":"2025-11-03T15:33:33","modified_gmt":"2025-11-03T14:33:33","slug":"services","status":"publish","type":"page","link":"https:\/\/nobleanchor.fr\/index.php\/services\/","title":{"rendered":"Services"},"content":{"rendered":"\n<div class=\"wp-block-cover alignfull is-light\" style=\"margin-top:0;margin-bottom:0;padding-top:0px;padding-bottom:80px;min-height:790px;aspect-ratio:unset;\"><img loading=\"lazy\" decoding=\"async\" width=\"1024\" height=\"683\" class=\"wp-block-cover__image-background wp-image-104 size-large\" alt=\"\" src=\"https:\/\/nobleanchor.fr\/wp-content\/uploads\/2025\/09\/yacht-3480913_1920-2-1024x683.jpg\" data-object-fit=\"cover\" srcset=\"https:\/\/nobleanchor.fr\/wp-content\/uploads\/2025\/09\/yacht-3480913_1920-2-1024x683.jpg 1024w, https:\/\/nobleanchor.fr\/wp-content\/uploads\/2025\/09\/yacht-3480913_1920-2-300x200.jpg 300w, https:\/\/nobleanchor.fr\/wp-content\/uploads\/2025\/09\/yacht-3480913_1920-2-768x512.jpg 768w, https:\/\/nobleanchor.fr\/wp-content\/uploads\/2025\/09\/yacht-3480913_1920-2-1536x1024.jpg 1536w, https:\/\/nobleanchor.fr\/wp-content\/uploads\/2025\/09\/yacht-3480913_1920-2.jpg 1920w\" sizes=\"auto, (max-width: 1024px) 100vw, 1024px\" \/><span aria-hidden=\"true\" class=\"wp-block-cover__background has-background-dim-0 has-background-dim\" style=\"background-color:#e9ceb0\"><\/span><div class=\"wp-block-cover__inner-container has-global-padding is-layout-constrained wp-container-core-cover-is-layout-d4c6b484 wp-block-cover-is-layout-constrained\">\n<div style=\"height:150px\" aria-hidden=\"true\" class=\"wp-block-spacer\"><\/div>\n<\/div><\/div>\n\n\n\n<div class=\"wp-block-group alignfull has-global-padding is-layout-constrained wp-container-core-group-is-layout-4383d167 wp-block-group-is-layout-constrained\">\n<div class=\"wp-block-group alignwide has-global-padding is-layout-constrained wp-container-core-group-is-layout-5ff8a92b wp-block-group-is-layout-constrained\" style=\"margin-top:0;margin-bottom:0;padding-top:100px;padding-bottom:100px\">\n<div class=\"wp-block-columns is-layout-flex wp-container-core-columns-is-layout-92515837 wp-block-columns-is-layout-flex\">\n<div class=\"wp-block-column is-layout-flow wp-block-column-is-layout-flow\">\n<figure class=\"wp-block-image alignleft size-full has-custom-border\"><img loading=\"lazy\" decoding=\"async\" width=\"1440\" height=\"1920\" src=\"https:\/\/nobleanchor.fr\/wp-content\/uploads\/2025\/09\/sailing-vessel-360847_1920.jpg\" alt=\"\" class=\"wp-image-105\" style=\"border-radius:100px\" srcset=\"https:\/\/nobleanchor.fr\/wp-content\/uploads\/2025\/09\/sailing-vessel-360847_1920.jpg 1440w, https:\/\/nobleanchor.fr\/wp-content\/uploads\/2025\/09\/sailing-vessel-360847_1920-225x300.jpg 225w, https:\/\/nobleanchor.fr\/wp-content\/uploads\/2025\/09\/sailing-vessel-360847_1920-768x1024.jpg 768w, https:\/\/nobleanchor.fr\/wp-content\/uploads\/2025\/09\/sailing-vessel-360847_1920-1152x1536.jpg 1152w\" sizes=\"auto, (max-width: 1440px) 100vw, 1440px\" \/><\/figure>\n<\/div>\n\n\n\n<div class=\"wp-block-column is-vertically-aligned-center has-global-padding is-content-justification-left is-layout-constrained wp-container-core-column-is-layout-12dd3699 wp-block-column-is-layout-constrained\">\n<h3 class=\"wp-block-heading has-text-align-left has-text-color has-suranna-font-family\" style=\"color:#000000;margin-top:0.5rem;margin-bottom:0rem;font-size:clamp(24.034px, 1.502rem + ((1vw - 3.2px) * 1.814), 40px);font-style:normal;font-weight:500;letter-spacing:0px;line-height:1.3\">Vente Bateaux<\/h3>\n\n\n\n<hr class=\"wp-block-separator has-alpha-channel-opacity\"\/>\n\n\n\n<p class=\"has-text-color has-link-color has-pontano-sans-font-family wp-elements-9ad1db50b43836293402fb7b615b76ec\" style=\"color:#000000;font-size:clamp(14px, 0.875rem + ((1vw - 3.2px) * 0.455), 18px);\">Chez Noble Anchor, nous vous accompagnons \u00e0 chaque \u00e9tape de la vente de votre bateau. <\/p>\n\n\n\n<p class=\"has-text-color has-link-color has-pontano-sans-font-family wp-elements-6e25bcdac139de0ebe215de77eebbc38\" style=\"color:#000000;font-size:clamp(14px, 0.875rem + ((1vw - 3.2px) * 0.455), 18px);\">Nous g\u00e9rons la diffusion de votre annonce sur des plateformes prestigieuses, tout en offrant une pr\u00e9sentation soign\u00e9e avec des photos de qualit\u00e9. Chaque d\u00e9tail compte pour s\u00e9duire les acheteurs potentiels et valoriser votre bien.<\/p>\n\n\n\n<p class=\"has-text-color has-link-color has-pontano-sans-font-family wp-elements-0303f5dcdb8c6bf59769b5e4524a785b\" style=\"color:#000000;font-size:clamp(14px, 0.875rem + ((1vw - 3.2px) * 0.455), 18px);\">Nous organisons des visites personnalis\u00e9es, en mettant en avant les atouts de votre bateau. Gr\u00e2ce \u00e0 notre approche, nous cr\u00e9ons un lien de confiance entre vous et les acheteurs, assurant une exp\u00e9rience agr\u00e9able et transparente.<\/p>\n\n\n\n<p class=\"has-text-color has-link-color has-pontano-sans-font-family wp-elements-d7600a83b3c7026f0b4d1f6c1c9b49ff\" style=\"color:#000000;font-size:clamp(14px, 0.875rem + ((1vw - 3.2px) * 0.455), 18px);\">Notre r\u00f4le va au-del\u00e0 de la simple vente. Nous n\u00e9gocions pour vous, garantissant un prix juste et s\u00e9curis\u00e9. Vous pouvez compter sur nous pour d\u00e9fendre vos int\u00e9r\u00eats tout en facilitant la transaction de mani\u00e8re fluide.<\/p>\n\n\n\n<p class=\"has-text-color has-link-color has-pontano-sans-font-family wp-elements-38ad4df586055b63a7f44bf9663e2e82\" style=\"color:#000000;font-size:clamp(14px, 0.875rem + ((1vw - 3.2px) * 0.455), 18px);\">Avec Noble Anchor, plongez dans une exp\u00e9rience sans souci. Nous offrons des conseils sur l\u02bcentretien, l\u02bchomologation et l\u02bcassurance, vous permettant de naviguer en toute s\u00e9r\u00e9nit\u00e9 tout au long du processus de vente.<\/p>\n\n\n\n<div class=\"wp-block-buttons is-horizontal is-content-justification-left is-layout-flex wp-container-core-buttons-is-layout-324fa30b wp-block-buttons-is-layout-flex\" style=\"margin-top:20px\"><\/div>\n<\/div>\n<\/div>\n<\/div>\n<\/div>\n\n\n\n<div class=\"wp-block-group alignfull has-global-padding is-layout-constrained wp-container-core-group-is-layout-4383d167 wp-block-group-is-layout-constrained\">\n<div class=\"wp-block-group alignwide has-global-padding is-layout-constrained wp-container-core-group-is-layout-1be1424c wp-block-group-is-layout-constrained\" style=\"margin-top:0;margin-bottom:0;padding-bottom:100px\">\n<div class=\"wp-block-columns is-layout-flex wp-container-core-columns-is-layout-92515837 wp-block-columns-is-layout-flex\">\n<div class=\"wp-block-column is-vertically-aligned-center has-global-padding is-content-justification-left is-layout-constrained wp-container-core-column-is-layout-12dd3699 wp-block-column-is-layout-constrained\">\n<h3 class=\"wp-block-heading has-text-align-left has-text-color has-suranna-font-family\" style=\"color:#000000;margin-top:0.5rem;margin-bottom:0rem;font-size:clamp(24.034px, 1.502rem + ((1vw - 3.2px) * 1.814), 40px);font-style:normal;font-weight:500;letter-spacing:0px;line-height:1.3\">Recherche Bateaux<\/h3>\n\n\n\n<hr class=\"wp-block-separator has-alpha-channel-opacity\"\/>\n\n\n\n<p class=\"has-text-color has-link-color has-pontano-sans-font-family wp-elements-704f0fc38670fc5575b52a7f164b76f9\" style=\"color:#000000;font-size:clamp(14px, 0.875rem + ((1vw - 3.2px) * 0.455), 18px);\">Chez Noble Anchor, nous vous aidons \u00e0 trouver le bateau de vos r\u00eaves. Que ce soit pour la mer ou la rivi\u00e8re, notre expertise vous guide vers le choix parfait selon vos besoins et votre budget.<\/p>\n\n\n\n<p class=\"has-text-color has-link-color has-pontano-sans-font-family wp-elements-c13cc352f7458543ee3a9b5b50e58ec7\" style=\"color:#000000;font-size:clamp(14px, 0.875rem + ((1vw - 3.2px) * 0.455), 18px);\">Nous \u00e9coutons attentivement vos d\u00e9sirs pour vous proposer des options adapt\u00e9es. Avec un r\u00e9seau de contacts, nous avons acc\u00e8s \u00e0 des bateaux de qualit\u00e9 qui r\u00e9pondent \u00e0 vos crit\u00e8res sp\u00e9cifiques et vos attentes.<\/p>\n\n\n\n<p class=\"has-text-color has-link-color has-pontano-sans-font-family wp-elements-f1ff07281c75b4030be3bf29a1dee5b7\" style=\"color:#000000;font-size:clamp(14px, 0.875rem + ((1vw - 3.2px) * 0.455), 18px);\">Nous vous accompagnons tout au long du processus d\u02bcachat. De la visite du bateau \u00e0 la n\u00e9gociation du prix, notre \u00e9quipe veille \u00e0 ce que chaque \u00e9tape soit claire, s\u00e9curis\u00e9e et adapt\u00e9e \u00e0 vos besoins, pour une exp\u00e9rience sans stress.<\/p>\n\n\n\n<p class=\"has-text-color has-link-color has-pontano-sans-font-family wp-elements-f0e9049b9ffc82e8235cb77b0100c9f5\" style=\"color:#000000;font-size:clamp(14px, 0.875rem + ((1vw - 3.2px) * 0.455), 18px);\">Nous vous offrons \u00e9galement des conseils pratiques sur l\u02bcentretien et l\u02bcimmatriculation. Avec Noble Anchor, vous \u00eates assur\u00e9 de faire un choix \u00e9clair\u00e9, tout en b\u00e9n\u00e9ficiant de notre soutien \u00e0 chaque moment de votre aventure nautique.<\/p>\n\n\n\n<p class=\"has-text-color has-link-color has-pontano-sans-font-family wp-elements-3b56812a235c01a7d9d4d2da7f79eb49\" style=\"color:#000000;font-size:clamp(14px, 0.875rem + ((1vw - 3.2px) * 0.455), 18px);\">Avec notre approche personnalis\u00e9e, trouver le bateau id\u00e9al devient une exp\u00e9rience agr\u00e9able et m\u00e9morable. Faites confiance \u00e0 Noble Anchor pour r\u00e9aliser votre r\u00eave nautique et naviguer en toute tranquillit\u00e9 sur les eaux.<\/p>\n\n\n\n<div class=\"wp-block-buttons is-horizontal is-content-justification-left is-layout-flex wp-container-core-buttons-is-layout-324fa30b wp-block-buttons-is-layout-flex\" style=\"margin-top:20px\"><\/div>\n<\/div>\n\n\n\n<div class=\"wp-block-column is-layout-flow wp-block-column-is-layout-flow\">\n<figure class=\"wp-block-image alignright size-full has-custom-border\"><img loading=\"lazy\" decoding=\"async\" width=\"2560\" height=\"2560\" src=\"https:\/\/nobleanchor.fr\/wp-content\/uploads\/2025\/09\/pexels-joshsorenson-570987-4-scaled.jpg\" alt=\"\" class=\"wp-image-99\" style=\"border-radius:100px;aspect-ratio:2\/3;object-fit:cover\" srcset=\"https:\/\/nobleanchor.fr\/wp-content\/uploads\/2025\/09\/pexels-joshsorenson-570987-4-scaled.jpg 2560w, https:\/\/nobleanchor.fr\/wp-content\/uploads\/2025\/09\/pexels-joshsorenson-570987-4-300x300.jpg 300w, https:\/\/nobleanchor.fr\/wp-content\/uploads\/2025\/09\/pexels-joshsorenson-570987-4-1024x1024.jpg 1024w, https:\/\/nobleanchor.fr\/wp-content\/uploads\/2025\/09\/pexels-joshsorenson-570987-4-150x150.jpg 150w, https:\/\/nobleanchor.fr\/wp-content\/uploads\/2025\/09\/pexels-joshsorenson-570987-4-768x768.jpg 768w, https:\/\/nobleanchor.fr\/wp-content\/uploads\/2025\/09\/pexels-joshsorenson-570987-4-1536x1536.jpg 1536w, https:\/\/nobleanchor.fr\/wp-content\/uploads\/2025\/09\/pexels-joshsorenson-570987-4-2048x2048.jpg 2048w\" sizes=\"auto, (max-width: 2560px) 100vw, 2560px\" \/><\/figure>\n<\/div>\n<\/div>\n<\/div>\n<\/div>\n\n\n\n<div class=\"wp-block-group alignfull has-global-padding is-layout-constrained wp-container-core-group-is-layout-4383d167 wp-block-group-is-layout-constrained\">\n<div class=\"wp-block-group alignwide has-global-padding is-layout-constrained wp-container-core-group-is-layout-1be1424c wp-block-group-is-layout-constrained\" style=\"margin-top:0;margin-bottom:0;padding-bottom:100px\">\n<div class=\"wp-block-columns is-layout-flex wp-container-core-columns-is-layout-92515837 wp-block-columns-is-layout-flex\">\n<div class=\"wp-block-column is-layout-flow wp-block-column-is-layout-flow\">\n<figure class=\"wp-block-image alignleft size-full has-custom-border\"><img loading=\"lazy\" decoding=\"async\" width=\"1536\" height=\"1920\" src=\"https:\/\/nobleanchor.fr\/wp-content\/uploads\/2025\/09\/trimaran-2806616_1920.jpg\" alt=\"\" class=\"wp-image-102\" style=\"border-radius:100px\" srcset=\"https:\/\/nobleanchor.fr\/wp-content\/uploads\/2025\/09\/trimaran-2806616_1920.jpg 1536w, https:\/\/nobleanchor.fr\/wp-content\/uploads\/2025\/09\/trimaran-2806616_1920-240x300.jpg 240w, https:\/\/nobleanchor.fr\/wp-content\/uploads\/2025\/09\/trimaran-2806616_1920-819x1024.jpg 819w, https:\/\/nobleanchor.fr\/wp-content\/uploads\/2025\/09\/trimaran-2806616_1920-768x960.jpg 768w, https:\/\/nobleanchor.fr\/wp-content\/uploads\/2025\/09\/trimaran-2806616_1920-1229x1536.jpg 1229w\" sizes=\"auto, (max-width: 1536px) 100vw, 1536px\" \/><\/figure>\n<\/div>\n\n\n\n<div class=\"wp-block-column is-vertically-aligned-center has-global-padding is-content-justification-left is-layout-constrained wp-container-core-column-is-layout-12dd3699 wp-block-column-is-layout-constrained\">\n<h3 class=\"wp-block-heading has-text-align-left has-text-color has-suranna-font-family\" style=\"color:#000000;margin-top:0.5rem;margin-bottom:0rem;font-size:clamp(24.034px, 1.502rem + ((1vw - 3.2px) * 1.814), 40px);font-style:normal;font-weight:500;letter-spacing:0px;line-height:1.3\">Services Compl\u00e9mentaires<\/h3>\n\n\n\n<hr class=\"wp-block-separator has-alpha-channel-opacity\"\/>\n\n\n\n<p class=\"has-text-color has-link-color has-pontano-sans-font-family wp-elements-b889b360e0f584d3c4d158111cbf7cca\" style=\"color:#000000;font-size:clamp(14px, 0.875rem + ((1vw - 3.2px) * 0.455), 18px);\">Chez Noble Anchor, nous proposons une gamme de services compl\u00e9mentaires pour vous accompagner dans toutes les \u00e9tapes li\u00e9es \u00e0 votre bateau. Notre objectif est de vous simplifier la vie et d\u2019assurer votre tranquillit\u00e9 d\u2019esprit.<\/p>\n\n\n\n<p class=\"has-text-color has-link-color has-pontano-sans-font-family wp-elements-74d64f56adee5a4aa982344bdc9e602c\" style=\"color:#000000;font-size:clamp(14px, 0.875rem + ((1vw - 3.2px) * 0.455), 18px);\">Nous offrons des estimations pr\u00e9cises pour vous aider \u00e0 conna\u00eetre la valeur de votre bateau sur le march\u00e9. Vous pouvez prendre des d\u00e9cisions \u00e9clair\u00e9es et optimiser votre investissement.<\/p>\n\n\n\n<p class=\"has-text-color has-link-color has-pontano-sans-font-family wp-elements-db307e31c4a69f7844369a1a4b7537d6\" style=\"color:#000000;font-size:clamp(14px, 0.875rem + ((1vw - 3.2px) * 0.455), 18px);\">Nous fournissons \u00e9galement des conseils sur les aspects administratifs, comme l\u02bcimmatriculation et l\u02bcassurance. Notre \u00e9quipe est l\u00e0 pour vous guider, afin que votre exp\u00e9rience nautique soit simple et sans tracas.<\/p>\n\n\n\n<p class=\"has-text-color has-link-color has-pontano-sans-font-family wp-elements-d72285d69c2676329cda495f52f41764\" style=\"color:#000000;font-size:clamp(14px, 0.875rem + ((1vw - 3.2px) * 0.455), 18px);\">Nous facilitons la mise en relation avec des professionnels de confiance, tels que des assureurs et des experts en entretien. Avec Noble Anchor, chaque d\u00e9tail est pris en compte pour une navigation sereine et s\u00e9curis\u00e9e.<\/p>\n\n\n\n<p class=\"has-text-color has-link-color has-pontano-sans-font-family wp-elements-774ca25660f9d72e704fe0e64b442abc\" style=\"color:#000000;font-size:clamp(14px, 0.875rem + ((1vw - 3.2px) * 0.455), 18px);\">Faites de votre exp\u00e9rience nautique un v\u00e9ritable plaisir. Avec nos services compl\u00e9mentaires, vous aurez l\u02bcesprit tranquille et pourrez profiter pleinement de votre bateau, en toute confiance et s\u00e9curit\u00e9, gr\u00e2ce \u00e0 Noble Anchor.<\/p>\n\n\n\n<div class=\"wp-block-buttons is-horizontal is-content-justification-left is-layout-flex wp-container-core-buttons-is-layout-324fa30b wp-block-buttons-is-layout-flex\" style=\"margin-top:20px\"><\/div>\n<\/div>\n<\/div>\n<\/div>\n\n\n\n<p><\/p>\n<\/div>\n\n\n\n<section class=\"wp-block-cover alignfull is-light\" style=\"margin-top:0px;padding-top:1.01rem;padding-bottom:1.01rem;min-height:430px;aspect-ratio:unset;\"><img loading=\"lazy\" decoding=\"async\" width=\"1024\" height=\"683\" class=\"wp-block-cover__image-background wp-image-96 size-large\" alt=\"\" src=\"https:\/\/nobleanchor.fr\/wp-content\/uploads\/2025\/09\/pexels-rachel-claire-6752162-3-1024x683.jpg\" data-object-fit=\"cover\" srcset=\"https:\/\/nobleanchor.fr\/wp-content\/uploads\/2025\/09\/pexels-rachel-claire-6752162-3-1024x683.jpg 1024w, https:\/\/nobleanchor.fr\/wp-content\/uploads\/2025\/09\/pexels-rachel-claire-6752162-3-300x200.jpg 300w, https:\/\/nobleanchor.fr\/wp-content\/uploads\/2025\/09\/pexels-rachel-claire-6752162-3-768x512.jpg 768w, https:\/\/nobleanchor.fr\/wp-content\/uploads\/2025\/09\/pexels-rachel-claire-6752162-3-1536x1024.jpg 1536w, https:\/\/nobleanchor.fr\/wp-content\/uploads\/2025\/09\/pexels-rachel-claire-6752162-3-2048x1365.jpg 2048w\" sizes=\"auto, (max-width: 1024px) 100vw, 1024px\" \/><span aria-hidden=\"true\" class=\"wp-block-cover__background has-background-dim-0 has-background-dim\" style=\"background-color:#edf1f2\"><\/span><div class=\"wp-block-cover__inner-container has-global-padding is-layout-constrained wp-container-core-cover-is-layout-b1bebcb3 wp-block-cover-is-layout-constrained\">\n<div class=\"wp-block-group has-text-color is-layout-flow wp-block-group-is-layout-flow\" style=\"color:#fffffd;margin-top:0px;padding-top:0rem;padding-right:1rem;padding-bottom:0rem;padding-left:1rem;font-size:clamp(0.875rem, 0.875rem + ((1vw - 0.2rem) * 0.464), 1.13rem);font-style:normal;font-weight:400;line-height:1.4\">\n<div class=\"wp-block-group has-global-padding is-layout-constrained wp-container-core-group-is-layout-bdbfdc43 wp-block-group-is-layout-constrained\">\n<p class=\"has-text-align-center has-text-color\" style=\"color:#fffffd;margin-bottom:0rem;font-size:clamp(1.507rem, 1.507rem + ((1vw - 0.2rem) * 1.824), 2.51rem);font-style:normal;font-weight:400;line-height:1.2\">Votre confiance est notre priorit\u00e9. Naviguons ensemble vers votre r\u00eave nautique.<\/p>\n<\/div>\n\n\n\n<div class=\"wp-block-group is-vertical is-content-justification-stretch is-layout-flex wp-container-core-group-is-layout-bfdebe91 wp-block-group-is-layout-flex\" style=\"margin-top:1.81rem;padding-right:0px;padding-left:0px\">\n<div class=\"wp-block-group has-global-padding is-content-justification-center is-layout-constrained wp-container-core-group-is-layout-2f0bcb29 wp-block-group-is-layout-constrained\" style=\"margin-top:0px\">\n<div class=\"wp-block-buttons is-horizontal is-content-justification-right is-layout-flex wp-container-core-buttons-is-layout-099266fd wp-block-buttons-is-layout-flex\" style=\"margin-top:0.51rem\">\n<div class=\"wp-block-button has-custom-width wp-block-button__width-100 is-style-fill\"><a class=\"wp-block-button__link has-text-color has-background has-custom-font-size wp-element-button\" href=\"#CONTACT\" style=\"border-style:none;border-width:0px;border-radius:20rem;color:#000000;background:linear-gradient(135deg,rgb(255,255,255) 0%,rgb(0,0,0) 100%);padding-top:0.71rem;padding-right:0.31rem;padding-bottom:0.71rem;padding-left:0.31rem;font-size:clamp(0.875rem, 0.875rem + ((1vw - 0.2rem) * 0.245), 1.01rem);font-style:normal;font-weight:600;line-height:1.5;text-transform:uppercase\">Choisir Noble<\/a><\/div>\n<\/div>\n<\/div>\n<\/div>\n<\/div>\n<\/div><\/section>\n\n\n\n<p><\/p>\n","protected":false},"excerpt":{"rendered":"<p>Vente Bateaux Chez Noble Anchor, nous vous accompagnons \u00e0 chaque \u00e9tape de la vente de votre bateau. Nous g\u00e9rons la diffusion de votre annonce sur des plateformes prestigieuses, tout en offrant une pr\u00e9sentation soign\u00e9e avec des photos de qualit\u00e9. Chaque d\u00e9tail compte pour s\u00e9duire les acheteurs potentiels et valoriser votre bien. Nous organisons des visites [&hellip;]<\/p>\n","protected":false},"author":1,"featured_media":0,"parent":0,"menu_order":0,"comment_status":"closed","ping_status":"closed","template":"","meta":{"footnotes":""},"class_list":["post-43","page","type-page","status-publish","hentry"],"_links":{"self":[{"href":"https:\/\/nobleanchor.fr\/index.php\/wp-json\/wp\/v2\/pages\/43","targetHints":{"allow":["GET"]}}],"collection":[{"href":"https:\/\/nobleanchor.fr\/index.php\/wp-json\/wp\/v2\/pages"}],"about":[{"href":"https:\/\/nobleanchor.fr\/index.php\/wp-json\/wp\/v2\/types\/page"}],"author":[{"embeddable":true,"href":"https:\/\/nobleanchor.fr\/index.php\/wp-json\/wp\/v2\/users\/1"}],"replies":[{"embeddable":true,"href":"https:\/\/nobleanchor.fr\/index.php\/wp-json\/wp\/v2\/comments?post=43"}],"version-history":[{"count":14,"href":"https:\/\/nobleanchor.fr\/index.php\/wp-json\/wp\/v2\/pages\/43\/revisions"}],"predecessor-version":[{"id":289,"href":"https:\/\/nobleanchor.fr\/index.php\/wp-json\/wp\/v2\/pages\/43\/revisions\/289"}],"wp:attachment":[{"href":"https:\/\/nobleanchor.fr\/index.php\/wp-json\/wp\/v2\/media?parent=43"}],"curies":[{"name":"wp","href":"https:\/\/api.w.org\/{rel}","templated":true}]}}