{"id":170,"date":"2025-10-03T01:09:56","date_gmt":"2025-10-02T23:09:56","guid":{"rendered":"https:\/\/nobleanchor.fr\/?page_id=170"},"modified":"2025-11-03T20:31:00","modified_gmt":"2025-11-03T19:31:00","slug":"quicksilver-540-cruiser","status":"publish","type":"page","link":"https:\/\/nobleanchor.fr\/index.php\/quicksilver-540-cruiser\/","title":{"rendered":"Quicksilver 540 cruiser"},"content":{"rendered":"\n<h2 class=\"wp-block-heading has-text-color has-background has-link-color has-large-font-size wp-elements-c17d43b26f9cf0cc50bfb653461fa79d\" style=\"border-style:none;border-width:0px;border-radius:10px;color:#ffffff;background-color:#000000;padding-top:var(--wp--preset--spacing--30);padding-right:var(--wp--preset--spacing--80);padding-bottom:var(--wp--preset--spacing--30);padding-left:var(--wp--preset--spacing--80)\">Quicksilver 540 Cruiser (2004) + Mercury 115 CV (r\u00e9cent, garanti) + Remorque<\/h2>\n\n\n\n<figure class=\"wp-block-gallery has-nested-images columns-1 is-cropped wp-block-gallery-1 is-layout-flex wp-block-gallery-is-layout-flex\">\n<figure class=\"wp-block-image size-large\"><img loading=\"lazy\" decoding=\"async\" width=\"799\" height=\"613\" data-id=\"209\" src=\"https:\/\/nobleanchor.fr\/wp-content\/uploads\/2025\/10\/1000004500.png\" alt=\"\" class=\"wp-image-209\" srcset=\"https:\/\/nobleanchor.fr\/wp-content\/uploads\/2025\/10\/1000004500.png 799w, https:\/\/nobleanchor.fr\/wp-content\/uploads\/2025\/10\/1000004500-300x230.png 300w, https:\/\/nobleanchor.fr\/wp-content\/uploads\/2025\/10\/1000004500-768x589.png 768w\" sizes=\"auto, (max-width: 799px) 100vw, 799px\" \/><\/figure>\n\n\n\n<figure class=\"wp-block-image size-large\"><img loading=\"lazy\" decoding=\"async\" width=\"1024\" height=\"576\" data-id=\"210\" src=\"https:\/\/nobleanchor.fr\/wp-content\/uploads\/2025\/10\/1000004498-1024x576.png\" alt=\"\" class=\"wp-image-210\" srcset=\"https:\/\/nobleanchor.fr\/wp-content\/uploads\/2025\/10\/1000004498-1024x576.png 1024w, https:\/\/nobleanchor.fr\/wp-content\/uploads\/2025\/10\/1000004498-300x169.png 300w, https:\/\/nobleanchor.fr\/wp-content\/uploads\/2025\/10\/1000004498-768x432.png 768w, https:\/\/nobleanchor.fr\/wp-content\/uploads\/2025\/10\/1000004498.png 1130w\" sizes=\"auto, (max-width: 1024px) 100vw, 1024px\" \/><\/figure>\n\n\n\n<figure class=\"wp-block-image size-large\"><img loading=\"lazy\" decoding=\"async\" width=\"768\" height=\"1024\" data-id=\"211\" src=\"https:\/\/nobleanchor.fr\/wp-content\/uploads\/2025\/10\/1000004494-768x1024.png\" alt=\"\" class=\"wp-image-211\" srcset=\"https:\/\/nobleanchor.fr\/wp-content\/uploads\/2025\/10\/1000004494-768x1024.png 768w, https:\/\/nobleanchor.fr\/wp-content\/uploads\/2025\/10\/1000004494-225x300.png 225w, https:\/\/nobleanchor.fr\/wp-content\/uploads\/2025\/10\/1000004494.png 848w\" sizes=\"auto, (max-width: 768px) 100vw, 768px\" \/><\/figure>\n\n\n\n<figure class=\"wp-block-image size-large\"><img loading=\"lazy\" decoding=\"async\" width=\"1024\" height=\"576\" data-id=\"212\" src=\"https:\/\/nobleanchor.fr\/wp-content\/uploads\/2025\/10\/1000004489-1024x576.png\" alt=\"\" class=\"wp-image-212\" srcset=\"https:\/\/nobleanchor.fr\/wp-content\/uploads\/2025\/10\/1000004489-1024x576.png 1024w, https:\/\/nobleanchor.fr\/wp-content\/uploads\/2025\/10\/1000004489-300x169.png 300w, https:\/\/nobleanchor.fr\/wp-content\/uploads\/2025\/10\/1000004489-768x432.png 768w, https:\/\/nobleanchor.fr\/wp-content\/uploads\/2025\/10\/1000004489-1536x864.png 1536w, https:\/\/nobleanchor.fr\/wp-content\/uploads\/2025\/10\/1000004489.png 1600w\" sizes=\"auto, (max-width: 1024px) 100vw, 1024px\" \/><\/figure>\n\n\n\n<figure class=\"wp-block-image size-large\"><img loading=\"lazy\" decoding=\"async\" width=\"576\" height=\"1024\" data-id=\"213\" src=\"https:\/\/nobleanchor.fr\/wp-content\/uploads\/2025\/10\/1000004492-576x1024.png\" alt=\"\" class=\"wp-image-213\" srcset=\"https:\/\/nobleanchor.fr\/wp-content\/uploads\/2025\/10\/1000004492-576x1024.png 576w, https:\/\/nobleanchor.fr\/wp-content\/uploads\/2025\/10\/1000004492-169x300.png 169w, https:\/\/nobleanchor.fr\/wp-content\/uploads\/2025\/10\/1000004492.png 636w\" sizes=\"auto, (max-width: 576px) 100vw, 576px\" \/><\/figure>\n\n\n\n<figure class=\"wp-block-image size-large\"><img loading=\"lazy\" decoding=\"async\" width=\"1024\" height=\"576\" data-id=\"215\" src=\"https:\/\/nobleanchor.fr\/wp-content\/uploads\/2025\/10\/1000004490-1024x576.png\" alt=\"\" class=\"wp-image-215\" srcset=\"https:\/\/nobleanchor.fr\/wp-content\/uploads\/2025\/10\/1000004490-1024x576.png 1024w, https:\/\/nobleanchor.fr\/wp-content\/uploads\/2025\/10\/1000004490-300x169.png 300w, https:\/\/nobleanchor.fr\/wp-content\/uploads\/2025\/10\/1000004490-768x432.png 768w, https:\/\/nobleanchor.fr\/wp-content\/uploads\/2025\/10\/1000004490-1536x864.png 1536w, https:\/\/nobleanchor.fr\/wp-content\/uploads\/2025\/10\/1000004490.png 1600w\" sizes=\"auto, (max-width: 1024px) 100vw, 1024px\" \/><\/figure>\n\n\n\n<figure class=\"wp-block-image size-large\"><img loading=\"lazy\" decoding=\"async\" width=\"768\" height=\"1024\" data-id=\"214\" src=\"https:\/\/nobleanchor.fr\/wp-content\/uploads\/2025\/10\/1000004495-768x1024.png\" alt=\"\" class=\"wp-image-214\" srcset=\"https:\/\/nobleanchor.fr\/wp-content\/uploads\/2025\/10\/1000004495-768x1024.png 768w, https:\/\/nobleanchor.fr\/wp-content\/uploads\/2025\/10\/1000004495-225x300.png 225w, https:\/\/nobleanchor.fr\/wp-content\/uploads\/2025\/10\/1000004495-1152x1536.png 1152w, https:\/\/nobleanchor.fr\/wp-content\/uploads\/2025\/10\/1000004495.png 1200w\" sizes=\"auto, (max-width: 768px) 100vw, 768px\" \/><\/figure>\n\n\n\n<figure class=\"wp-block-image size-large\"><img loading=\"lazy\" decoding=\"async\" width=\"798\" height=\"449\" data-id=\"216\" src=\"https:\/\/nobleanchor.fr\/wp-content\/uploads\/2025\/10\/1000004496.png\" alt=\"\" class=\"wp-image-216\" srcset=\"https:\/\/nobleanchor.fr\/wp-content\/uploads\/2025\/10\/1000004496.png 798w, https:\/\/nobleanchor.fr\/wp-content\/uploads\/2025\/10\/1000004496-300x169.png 300w, https:\/\/nobleanchor.fr\/wp-content\/uploads\/2025\/10\/1000004496-768x432.png 768w\" sizes=\"auto, (max-width: 798px) 100vw, 798px\" \/><\/figure>\n\n\n\n<figure class=\"wp-block-image size-large\"><img loading=\"lazy\" decoding=\"async\" width=\"768\" height=\"1024\" data-id=\"217\" src=\"https:\/\/nobleanchor.fr\/wp-content\/uploads\/2025\/10\/1000004493-768x1024.png\" alt=\"\" class=\"wp-image-217\" srcset=\"https:\/\/nobleanchor.fr\/wp-content\/uploads\/2025\/10\/1000004493-768x1024.png 768w, https:\/\/nobleanchor.fr\/wp-content\/uploads\/2025\/10\/1000004493-225x300.png 225w, https:\/\/nobleanchor.fr\/wp-content\/uploads\/2025\/10\/1000004493-1152x1536.png 1152w, https:\/\/nobleanchor.fr\/wp-content\/uploads\/2025\/10\/1000004493.png 1200w\" sizes=\"auto, (max-width: 768px) 100vw, 768px\" \/><\/figure>\n<\/figure>\n\n\n\n<p>\u00c0 vendre Quicksilver 540 Cruiser de 2004, en excellent \u00e9tat. Le bateau est \u00e9quip\u00e9 d\u2019un moteur Mercury 115 CV CT, 4 temps, quasiment neuf (environ 30 heures, encore sous garantie constructeur). Il est vendu avec une remorque \u00e9quip\u00e9e de rouleaux neufs, pr\u00eate \u00e0 l\u2019emploi. La r\u00e9vision a \u00e9t\u00e9 faite en avril 2025 \u2192 aucune d\u00e9pense \u00e0 pr\u00e9voir, bateau pr\u00eat \u00e0 naviguer. Toujours stock\u00e9 hors de l\u2019eau. Caract\u00e9ristiques<\/p>\n\n\n\n<p> \u2022 Mod\u00e8le : Quicksilver 540 Cruiser <\/p>\n\n\n\n<p>\u2022 Ann\u00e9e coque : 2004 <\/p>\n\n\n\n<p>\u2022 Longueur : 5,33 m \u2022 Largeur : 2,47 m <\/p>\n\n\n\n<p>\u2022 Moteur : Mercury 115 CV CT (4 temps, ~30 h, garanti) <\/p>\n\n\n\n<p>\u2022 Carburant : essence <\/p>\n\n\n\n<p>\u2022 Remorque incluse (rouleaux neufs) \u00c9quipements et options <\/p>\n\n\n\n<p>\u2022 Cabine avec couchage d\u2019appoint et rangements <\/p>\n\n\n\n<p>\u2022 Cockpit convivial avec table et si\u00e8ges pivotants <\/p>\n\n\n\n<p>\u2022 Taud de soleil (bimini sur mesure) <\/p>\n\n\n\n<p>\u2022 Douchette de pont \u2022 GPS \u2022 Sondeur \u2022 Poste radio Fusion <\/p>\n\n\n\n<p>\u2022 Chauffage cabine <\/p>\n\n\n\n<p>\u2022 Barre d\u2019attelage pour bou\u00e9e tract\u00e9e \/ ski nautique <\/p>\n\n\n\n<p>\u2022 \u00c9chelle de bain Points forts <\/p>\n\n\n\n<p>\u2022 Moteur r\u00e9cent avec tr\u00e8s peu d\u2019heures, encore sous garantie constructeur <\/p>\n\n\n\n<p>\u2022 R\u00e9vision r\u00e9cente (avril 2025) \u2192 bateau pr\u00eat \u00e0 partir <\/p>\n\n\n\n<p>\u2022 Toujours stock\u00e9 hors de l\u2019eau <\/p>\n\n\n\n<p>\u2022 Remorque incluse avec rouleaux neufs <\/p>\n\n\n\n<p>\u2022 Id\u00e9al pour balades familiales, p\u00eache et sports nautiques <\/p>\n\n\n\n<p>\u2022 Taille pratique \u2192 facile \u00e0 transporter et \u00e0 mettre \u00e0 l\u2019eau <\/p>\n\n\n\n<p>\u2022 Enti\u00e8rement \u00e9quip\u00e9 \u2192 aucun frais \u00e0 pr\u00e9voir<\/p>\n\n\n\n<p>20 500 euro<\/p>\n\n\n\n<div class=\"wp-block-buttons is-layout-flex wp-block-buttons-is-layout-flex\">\n<div class=\"wp-block-button has-custom-width wp-block-button__width-100\"><a class=\"wp-block-button__link has-text-color has-background has-link-color has-x-large-font-size has-custom-font-size wp-element-button\" href=\"https:\/\/nobleanchor.fr\/index.php\/contact\/\" style=\"border-radius:75px;color:#ffffff;background-color:#000000\">Int\u00e9resser contactez nous<\/a><\/div>\n<\/div>\n","protected":false},"excerpt":{"rendered":"<p>Quicksilver 540 Cruiser (2004) + Mercury 115 CV (r\u00e9cent, garanti) + Remorque \u00c0 vendre Quicksilver 540 Cruiser de 2004, en excellent \u00e9tat. Le bateau est \u00e9quip\u00e9 d\u2019un moteur Mercury 115 CV CT, 4 temps, quasiment neuf (environ 30 heures, encore sous garantie constructeur). Il est vendu avec une remorque \u00e9quip\u00e9e de rouleaux neufs, pr\u00eate \u00e0 [&hellip;]<\/p>\n","protected":false},"author":1,"featured_media":0,"parent":0,"menu_order":0,"comment_status":"closed","ping_status":"closed","template":"","meta":{"footnotes":""},"class_list":["post-170","page","type-page","status-publish","hentry"],"_links":{"self":[{"href":"https:\/\/nobleanchor.fr\/index.php\/wp-json\/wp\/v2\/pages\/170","targetHints":{"allow":["GET"]}}],"collection":[{"href":"https:\/\/nobleanchor.fr\/index.php\/wp-json\/wp\/v2\/pages"}],"about":[{"href":"https:\/\/nobleanchor.fr\/index.php\/wp-json\/wp\/v2\/types\/page"}],"author":[{"embeddable":true,"href":"https:\/\/nobleanchor.fr\/index.php\/wp-json\/wp\/v2\/users\/1"}],"replies":[{"embeddable":true,"href":"https:\/\/nobleanchor.fr\/index.php\/wp-json\/wp\/v2\/comments?post=170"}],"version-history":[{"count":7,"href":"https:\/\/nobleanchor.fr\/index.php\/wp-json\/wp\/v2\/pages\/170\/revisions"}],"predecessor-version":[{"id":292,"href":"https:\/\/nobleanchor.fr\/index.php\/wp-json\/wp\/v2\/pages\/170\/revisions\/292"}],"wp:attachment":[{"href":"https:\/\/nobleanchor.fr\/index.php\/wp-json\/wp\/v2\/media?parent=170"}],"curies":[{"name":"wp","href":"https:\/\/api.w.org\/{rel}","templated":true}]}}